) = x**2 + 6*x + 5. Let s = 18 - 27. What is the units digit of h(s)?
2
Let o(j) = j**2 + 6*j + 20. Let l be o(-17). What is the tens digit of (-30)/(-165) + l/11?
1
Let p be (-6)/(-4)*(-2 + 4) - -1. Suppose -308 - 40 = -4*w - p*o, -5*w = -o - 411. What is the units digit of w?
3
Suppose 4*c + 5*m = -87, -2 = -3*m + 1. Let i = c - -25. Suppose 0 = -i*r - 4, r = -3*l + 40. What is the units digit of l?
4
Suppose -2*d + 7 = -5. Let h = 62 + d. What is the units digit of h?
8
Let k(g) = 30*g. Let p be k(-1). Let x = p - -65. What is the units digit of x?
5
Let x be 3854/14 + (-22)/77. Let g = x + -107. Suppose 14*z - g = 10*z. What is the units digit of z?
2
Let k be ((-8)/12)/(2/3). Let b = 49 + k. Suppose 2*j - 4*h + 15 = 35, 2*j = -3*h + b. What is the units digit of j?
8
Let o(w) = 12*w**2 - 2*w + 1. Let v = -8 - -14. Let d = 7 - v. What is the tens digit of o(d)?
1
Suppose 1128 = -1229*i + 1230*i. What is the units digit of i?
8
Let h(f) = -f**3 - 13*f**2 - 12*f + 2. Let s be h(-12). Suppose -s*b + 3*r + 24 = 83, 3*b + 82 = -2*r. What is the tens digit of 12/(-4) - -3 - b?
2
Suppose -3*x + 22385 = 8*x. What is the hundreds digit of x?
0
Let b(r) = -r**2 - 8*r + 6. Let h = 10 - 18. Let n be b(h). What is the tens digit of 5/(90/87)*n?
2
Suppose -5*q + 5*l + 213 - 28 = 0, -5*l = 5*q - 225. Let j = q - 26. What is the tens digit of j?
1
Let v be -3 - (-9)/(-9)*1*-2. What is the hundreds digit of (-16)/20 + -1709*v/5?
3
Let a = -7 + 9. Let b(x) = 0*x**a - 4*x**2 + 1 - 4*x**3 + 2*x**2 - x + x**2. What is the tens digit of b(-2)?
3
Suppose l - 14 = t, 19 = 2*l - t - 7. What is the units digit of 43/1 - 48/l?
9
Suppose 4*h - 135 - 337 = 0. Suppose -x + h = 35. Suppose 3*m = 2*q - x, -2*q - 3*q + m = -188. What is the tens digit of q?
3
Let k = -928 + 2097. What is the tens digit of k?
6
Suppose 0 = -18*d + 5*d + 2483. What is the tens digit of d?
9
What is the units digit of (-4)/(-14) - (-2314119)/651?
5
Let i(y) = -6*y - 19. Let p be i(-4). Suppose p*z + 132 = 847. What is the tens digit of z?
4
Let v be 18/42 - (-50)/14. Suppose -4*r = g - v, 2*r = r + 3. What is the units digit of (g/6)/((-8)/84)?
4
Let q be -3*(-3 + 70/(-6)). Let p = q - 91. Let b = p + 70. What is the units digit of b?
3
What is the hundreds digit of -20 - -4452 - (2 + 0)?
4
Suppose -4*w + 6*z - 14 = 5*z, -4 = 3*w - 4*z. What is the tens digit of w/6 + 550/6?
9
Let d(b) = -b**3 - 3*b**2 + 6*b + 6. Let w be d(-4). Let v be (6 - (4 + -1)) + w. What is the units digit of (v - -2)*3/9?
1
What is the tens digit of (-10)/(-25) + (-3)/(-30)*2946?
9
Let p(h) = h**2 + 4*h + 2. Let y be p(-4). Let u be 4/(32/(-52))*2. What is the units digit of (y/(-5))/(u/390)?
2
Suppose -394 = -3*b + 401. Suppose -4*a + b = -87. What is the units digit of -2 - a/(-1 + -3)?
0
Let f(h) be the first derivative of -h**3/3 - h**2/2 + 15*h - 1. Suppose i + i - 3*l = 0, -5*l = -4*i. What is the units digit of f(i)?
5
Let t = 1443 + -193. What is the tens digit of t?
5
Suppose -o = 3*l - 425, 2*o - 112 + 672 = 4*l. What is the tens digit of l?
4
Suppose 2*z = -z + 3*t, -2*t = 6. Let d(s) = 3*s**2 + 6*s + 5. What is the units digit of d(z)?
4
Suppose -p = -4*p - 3. Let a be p + 2 - (-4 - 1). Let j(w) = w + 7. What is the units digit of j(a)?
3
Let z(j) = 2*j**2 + 14*j - 18. Let n be z(-9). What is the tens digit of -5 - (-2370)/n - (-4)/(-6)?
2
Suppose -2*q + 4*k = k - 9, 4 = -4*k. Suppose 6*c = 3*c - q*g + 231, -377 = -5*c + 3*g. What is the tens digit of c?
7
Suppose 8*g - 3530 = -5*w + 4*g, -4*g = 2*w - 1424. Suppose 6*o - w = 354. What is the hundreds digit of o?
1
Let r(k) = 2*k**2 + 12*k - 71. What is the units digit of r(-24)?
3
Let m(b) be the first derivative of -b**4/4 - 3*b**3 - 3*b**2 - 13*b - 10. What is the tens digit of m(-10)?
4
Suppose 4*w + 2*v - 2 = 0, 3*w + 5*v - 3*v - 4 = 0. What is the hundreds digit of 15*w/(-6) + 105?
1
Let w = -13 - 0. Let n(g) = g**3 + 14*g**2 + 11*g - 16. Let l be n(w). Let p(h) = h**2 - 6*h - 9. What is the tens digit of p(l)?
3
Let n(u) = -2*u - 58. Let i be n(-31). Let w(m) = 14*m - 8. Let j be w(6). Suppose 6*t = i*t + j. What is the units digit of t?
8
Let p be ((-12)/(-14))/((-3)/(-21)). Suppose -p*h + 95 = -19. Let g = -5 + h. What is the tens digit of g?
1
Let z = 70 + 752. What is the units digit of z?
2
Suppose -2*r - 21 = -3*q, -21 = -3*q + 6*r - r. Let k = 19 - q. Let p(l) = -l**2 + 14*l. What is the tens digit of p(k)?
2
Let w = -67 + 102. Let h be (1/(-2))/((-5)/(-50)). Let j = h + w. What is the tens digit of j?
3
Suppose 16 + 29 = q. Suppose 47*t - 4 = q*t. What is the units digit of t?
2
Let i be (-21)/(-7) - 88/(-2). Suppose 0*y - 3*y - 5*p + 51 = 0, -p - i = -2*y. Suppose -n = n - y. What is the units digit of n?
1
Suppose 2*j + 70 = -30. Let x = -18 - j. What is the tens digit of x?
3
Suppose 0*w - 4*o = -4*w + 4, -5*o + 7 = -2*w. Let y = w - 31. What is the units digit of (y/(-18))/(6/128)?
2
Let b(d) = -d**3 + d**2 + d - 25. Let q be b(0). Let g = -25 - q. Suppose 11*w - 16*w + 150 = g. What is the tens digit of w?
3
Suppose -1 - 4 = -5*p, -5*p - 7007 = -4*b. What is the thousands digit of b?
1
Let d = -12 + 20. Suppose 3*r - d*r = -25. Suppose 2*i - 52 = -r*s, 0 = -4*i + 2*s - 3*s + 122. What is the units digit of i?
1
Let s = 26 + 267. What is the tens digit of s?
9
Let p = -51 - -95. Suppose i - 255 - p = 0. Suppose 47 = -7*a + i. What is the units digit of a?
6
What is the tens digit of (175/350)/(((-3)/(-2012))/3)?
0
Suppose 8*m = 6*m + 902. What is the units digit of m?
1
Let s(g) = -101*g**2 + 3*g - 7. Let u(j) = 152*j**2 - 5*j + 10. Let v(y) = 7*s(y) + 5*u(y). What is the units digit of v(-2)?
1
Let w(m) = 424*m - 5. What is the tens digit of w(3)?
6
Suppose 11290 = 30*h - 26*h + 5*k, 3*k - 8466 = -3*h. What is the units digit of h?
0
Let h(x) = 2*x + 89. Let y be h(0). Let s = y + -51. Suppose -5*m = -c + s, 2*m - 148 + 51 = -3*c. What is the tens digit of c?
3
Let f = -3001 - -4588. What is the units digit of f?
7
Let b(j) = -8*j**3 - 7*j**2 - 35*j + 6. What is the units digit of b(-6)?
2
Suppose -6*m - 13 + 31 = 0. Suppose -m*d + 1092 = 4*d. What is the hundreds digit of d?
1
What is the units digit of (-177)/(-21) + -8 - 14607/(-21)?
6
Let u(y) = 13*y**2 + 59*y - 13. What is the tens digit of u(-22)?
8
Let n(c) = 113*c + 1. Let w = 21 + -20. Let t be n(w). Suppose 4*x - r - 55 = 51, 0 = 4*x - 5*r - t. What is the units digit of x?
6
Let i = -3950 + 8406. What is the thousands digit of i?
4
Let j = 4374 - 3079. What is the units digit of j?
5
Let h be 4 + -2 + -2 + -8. What is the tens digit of (28/h + 2)*-38?
5
Let y(t) = -t**3 - 5*t**2 + 7*t + 8. Let f be (182/21)/(2/3). Let a = f - 19. What is the units digit of y(a)?
2
Let d(m) = 25*m**2 - 24*m - 13. What is the tens digit of d(8)?
9
Let t be 0 + 142*(-1)/(-2). Let s = 167 - t. Suppose f + f = -8, s = 4*z + 4*f. What is the units digit of z?
8
Suppose 27*l = 31*l - 464. What is the tens digit of (l/5)/(0 - 5/(-25))?
1
Let x(t) = 10*t. Let l be x(5). Let g be (-1 + (-74)/6)*6/4. Let d = l + g. What is the tens digit of d?
3
Suppose 5*m - 24 = -114. Let a = m - -27. What is the units digit of a?
9
Let w = -102 + 102. Suppose -5*s = w, 0*v + 402 = 2*v - 5*s. What is the units digit of v?
1
Let c = 23 - 14. Suppose 3*f - c = 15. Suppose -12*l + 244 = -f*l. What is the units digit of l?
1
Let i(x) = x**3 + 36*x**2 + 33*x - 30. Let k be i(-35). What is the units digit of k/90 - 50/(-9)?
6
Let w = -2 + 2. Let p = -138 + 142. Suppose w = y + p*y - 10, 122 = 3*f - 2*y. What is the tens digit of f?
4
Suppose -3*f + 1568 = 4*h, 3*f - h - 1553 = -2*h. What is the hundreds digit of f?
5
Suppose 0 = -4*b + 15*b - 39732. What is the units digit of b?
2
Let y(s) = s**3 + 9*s**2 + s + 13. Let c be y(-9). Let t(g) = 2*g**3 - 5*g**2 - 2*g - 1. What is the units digit of t(c)?
9
Let d(l) = -27*l - 11*l**3 - 3*l**3 - 21*l**2 + 7*l**3 - 24 + 6*l**3. What is the units digit of d(-20)?
6
Let k(h) = -4*h**2 - 3*h + 3. Let o be k(3). What is the units digit of o/((1 - 2)/1)?
2
Let d = 514 - -399. What is the units digit of d?
3
Let m = -752 + 422. Let r = m + 620. Suppose -79 = -z - 3*x, 0 = -2*z + 6*z - x - r. What is the tens digit of z?
7
Let b = -23 + 23. Suppose -2*m - m - 2*o - 1 = b, -2*o - 16